{"id":8936,"date":"2026-02-09T09:26:13","date_gmt":"2026-02-09T08:26:13","guid":{"rendered":"https:\/\/jabietz.de\/shop\/?page_id=8936"},"modified":"2026-02-11T08:22:20","modified_gmt":"2026-02-11T07:22:20","slug":"bauanleitungen","status":"publish","type":"page","link":"https:\/\/jabietz.de\/shop\/bauanleitungen\/","title":{"rendered":"Download Bauanleitungen"},"content":{"rendered":"<p style=\"text-align: justify;\"><strong><span style=\"color: #ff0000;\"><span style=\"font-size: 12pt;\">Die Texte und Bilder s\u00e4mtlicher Download-Bauanleitungen unterliegen dem Copyright und d\u00fcrfen ausdr\u00fccklich nicht ohne meine Genehmigung ver\u00e4ndert oder in einem anderen Namen weiter verwendet werden.\u00a0<\/span><\/span><span style=\"color: #ff0000;\"><span style=\"font-size: 12pt;\">Jede andere Verwendung der Bauanleitungen als zum pers\u00f6nlichen, privaten und nicht kommerziellen Gebrauch erfordern meine Genehmigung.<\/span><\/span><\/strong><\/p>\n<p><div class='w3eden'>spotjabietz.php<\/div><br \/>\n<div class='w3eden'>spotjabietz.php<\/div><br \/>\n<div class='w3eden'>spotjabietz.php<\/div><br \/>\n<div class='w3eden'>spotjabietz.php<\/div><br \/>\n<div class='w3eden'>spotjabietz.php<\/div><br \/>\n<div class='w3eden'>spotjabietz.php<\/div><br \/>\n<div class='w3eden'>spotjabietz.php<\/div><br \/>\n<div class='w3eden'>spotjabietz.php<\/div><br \/>\n<div class='w3eden'>spotjabietz.php<\/div><br \/>\n<div class='w3eden'>spotjabietz.php<\/div><br \/>\n<div class='w3eden'>spotjabietz.php<\/div><br \/>\n<div class='w3eden'>spotjabietz.php<\/div><br \/>\n<div class='w3eden'>spotjabietz.php<\/div><br \/>\n<div class='w3eden'>spotjabietz.php<\/div><br \/>\n<div class='w3eden'>spotjabietz.php<\/div><br \/>\n<div class='w3eden'>spotjabietz.php<\/div><br \/>\n<div class='w3eden'>spotjabietz.php<\/div><br \/>\n<div class='w3eden'>spotjabietz.php<\/div><br \/>\n<div class='w3eden'>spotjabietz.php<\/div><br \/>\n<div class='w3eden'>spotjabietz.php<\/div><\/p>\n","protected":false},"excerpt":{"rendered":"<p>Die Texte und Bilder s\u00e4mtlicher Download-Bauanleitungen unterliegen dem Copyright und d\u00fcrfen ausdr\u00fccklich nicht ohne meine Genehmigung ver\u00e4ndert oder in einem anderen Namen weiter verwendet werden.\u00a0Jede andere Verwendung der Bauanleitungen als zum pers\u00f6nlichen, privaten und nicht kommerziellen Gebrauch erfordern meine Genehmigung.<\/p>\n","protected":false},"author":1,"featured_media":0,"parent":0,"menu_order":0,"comment_status":"closed","ping_status":"closed","template":"","meta":{"_themeisle_gutenberg_block_has_review":false,"footnotes":""},"class_list":["post-8936","page","type-page","status-publish","hentry"],"_links":{"self":[{"href":"https:\/\/jabietz.de\/shop\/wp-json\/wp\/v2\/pages\/8936","targetHints":{"allow":["GET"]}}],"collection":[{"href":"https:\/\/jabietz.de\/shop\/wp-json\/wp\/v2\/pages"}],"about":[{"href":"https:\/\/jabietz.de\/shop\/wp-json\/wp\/v2\/types\/page"}],"author":[{"embeddable":true,"href":"https:\/\/jabietz.de\/shop\/wp-json\/wp\/v2\/users\/1"}],"replies":[{"embeddable":true,"href":"https:\/\/jabietz.de\/shop\/wp-json\/wp\/v2\/comments?post=8936"}],"version-history":[{"count":18,"href":"https:\/\/jabietz.de\/shop\/wp-json\/wp\/v2\/pages\/8936\/revisions"}],"predecessor-version":[{"id":8979,"href":"https:\/\/jabietz.de\/shop\/wp-json\/wp\/v2\/pages\/8936\/revisions\/8979"}],"wp:attachment":[{"href":"https:\/\/jabietz.de\/shop\/wp-json\/wp\/v2\/media?parent=8936"}],"curies":[{"name":"wp","href":"https:\/\/api.w.org\/{rel}","templated":true}]}}