{"id":134,"date":"2017-07-15T10:14:49","date_gmt":"2017-07-15T08:14:49","guid":{"rendered":"https:\/\/jabietz.de\/fregatte-luebeck\/?page_id=134"},"modified":"2023-04-11T13:44:22","modified_gmt":"2023-04-11T11:44:22","slug":"startseite","status":"publish","type":"page","link":"https:\/\/jabietz.de\/fregatte-luebeck\/","title":{"rendered":"Herzlich Willkommen"},"content":{"rendered":"<p style=\"text-align: justify;\">Herzlich Willkommen auf meiner Website zur Fregatte und jetzt auch zur Korvette &#8222;L\u00dcBECK&#8220;.<\/p>\n<p style=\"text-align: justify;\">Warum gibt es diese Seite? Anfang 2014 suchte ich im Internet verzweifelt nach dem Termin des Besuchs der Fregatte &#8222;L\u00dcBECK&#8220; Klasse 122 in der Patenstadt und fand dazu \u00fcberhaupt nichts, sondern musste feststellen, dass die Fregatte &#8222;L\u00dcBECK&#8220; im Vergleich zu ihren Schwesterschiffen insgesamt sehr stiefm\u00fctterlich im Internet vertreten ist und ein sogenannter &#8222;Freundeskreis Fregatte L\u00fcbeck&#8220; nicht funktioniert.<br \/>\nDas soll sich hier \u00e4ndern und mein ganz besonderer Dank gilt den Kameraden\u00a0<b>Thomas Scholz<\/b>\u00a0aus Moers und\u00a0<b>Peter Dobertin<\/b>\u00a0aus Essen f\u00fcr deren tolle Unterst\u00fctzung.<\/p>\n<p style=\"text-align: justify;\">Den Termin zum Patenschaftsbesuch 2014 habe ich dann \u00fcbrigens direkt vom IO der Fregatte telefonisch erhalten und sp\u00e4ter vom Pressesprecher der Hansestadt L\u00fcbeck best\u00e4tigt bekommen.<\/p>\n<p style=\"text-align: justify;\">Ich habe auch viele Fotos von Mitfahrten als Jugendlicher sowie weitere Informationen und Fotos von Lesern meines Kartonmodellbau-Blogs zur Fregatte &#8222;L\u00dcBECK&#8220; der Klasse 120, die ich hier ver\u00f6ffentlichen m\u00f6chte.<br \/>\nGanz besonderer Dank gilt auch hier wieder den Kameraden\u00a0<b>Thomas Scholz<\/b>\u00a0aus Moers,\u00a0<b>Peter Dobertin<\/b>\u00a0aus Essen und\u00a0<b>Bodo Buhse<\/b>, die mich mit vielen Informationen und Bildern unterst\u00fctzen.<\/p>\n<p>&#8230; und nun, viel Spa\u00df beim St\u00f6bern &#8230;<\/p>\n<p>&nbsp;<\/p>\n","protected":false},"excerpt":{"rendered":"<p>Herzlich Willkommen auf meiner Website zur Fregatte und jetzt auch zur Korvette &#8222;L\u00dcBECK&#8220;. Warum gibt es diese Seite? Anfang 2014 suchte ich im Internet verzweifelt nach dem Termin des Besuchs der Fregatte &#8222;L\u00dcBECK&#8220; Klasse 122 in der Patenstadt und fand dazu \u00fcberhaupt nichts, sondern musste feststellen, dass die Fregatte &#8222;L\u00dcBECK&#8220; im Vergleich zu ihren Schwesterschiffen [&hellip;]<\/p>\n","protected":false},"author":1,"featured_media":0,"parent":0,"menu_order":0,"comment_status":"closed","ping_status":"closed","template":"","meta":{"footnotes":""},"class_list":["post-134","page","type-page","status-publish","hentry","post-preview"],"_links":{"self":[{"href":"https:\/\/jabietz.de\/fregatte-luebeck\/wp-json\/wp\/v2\/pages\/134","targetHints":{"allow":["GET"]}}],"collection":[{"href":"https:\/\/jabietz.de\/fregatte-luebeck\/wp-json\/wp\/v2\/pages"}],"about":[{"href":"https:\/\/jabietz.de\/fregatte-luebeck\/wp-json\/wp\/v2\/types\/page"}],"author":[{"embeddable":true,"href":"https:\/\/jabietz.de\/fregatte-luebeck\/wp-json\/wp\/v2\/users\/1"}],"replies":[{"embeddable":true,"href":"https:\/\/jabietz.de\/fregatte-luebeck\/wp-json\/wp\/v2\/comments?post=134"}],"version-history":[{"count":0,"href":"https:\/\/jabietz.de\/fregatte-luebeck\/wp-json\/wp\/v2\/pages\/134\/revisions"}],"wp:attachment":[{"href":"https:\/\/jabietz.de\/fregatte-luebeck\/wp-json\/wp\/v2\/media?parent=134"}],"curies":[{"name":"wp","href":"https:\/\/api.w.org\/{rel}","templated":true}]}}